. List the prime factors of m.
5, 13
Let f = -93 + 97. Suppose 2*v + n + 594 = f*v, -2*n = 5*v - 1503. List the prime factors of v.
13, 23
Let v(z) be the third derivative of z**5/30 - 7*z**4/12 + 7*z**3/6 - 46*z**2. Let w be v(5). Let u = 16 + w. What are the prime factors of u?
3
Suppose 0*d = -4*m - 2*d + 4154, -m + d = -1037. Let u = m - 689. What are the prime factors of u?
349
Let o(k) = 15018*k**2 + 190*k + 188. List the prime factors of o(-1).
2, 1877
Suppose -3*q = -b - 0*b - 96, 0 = 2*q + 5*b - 64. Let u = 1831 + -1827. Suppose u*w = p + 19 + 18, 4*w = -4*p + q. What are the prime factors of w?
3
Let f be 2 + 12/(-3) - (-1890 + -4). Let k = f - 1301. List the prime factors of k.
3, 197
Suppose 8*s - s + 42 = 0. Let l be 51/(-2)*4/s. List the prime factors of l/(-34) - (-89)/2.
2, 11
Let b(l) = 52*l - 89. Let z be b(2). Let c(w) = w**3 - 12*w**2 + 40*w + 15. List the prime factors of c(z).
2, 3, 5, 43
Let s(w) = -w**3 + 13*w**2 + 16*w - 22. Let k be s(14). Suppose 3*q - 52 = g - k*g, 3*q - 2*g = 17. Suppose 413 = q*r + 161. What are the prime factors of r?
2, 7
Let u be 8/(-2) + 8/2. Suppose u = -12*a + 3*a. Suppose a = 4*g - 15*g + 429. What are the prime factors of g?
3, 13
Let x = -15832 + 48006. What are the prime factors of x?
2, 16087
Let j be -7 + 3 + 2*(1 - -1). Suppose j = -12*p + 6543 + 285. What are the prime factors of p?
569
Let f = 2155 + -1503. Suppose 2*m + 10 = 4*m - 5*q, q = -4*m - 2. Suppose m = 6*t - f + 46. List the prime factors of t.
101
Let v(o) = 10*o**3 - 12*o**2 + 26*o. Let s be v(9). Suppose 0*m - s = -21*m. List the prime factors of m.
2, 3, 13
Suppose -19295 = 4*a - q - 373744, 4*a - 354424 = -4*q. What are the prime factors of a?
3, 29537
What are the prime factors of (4463/1 + 38 + -38)/1?
4463
Suppose -22*n + 98527 - 4898 = -50559. List the prime factors of n.
2, 29, 113
Let z(v) be the second derivative of -v**5/60 + v**4 + v**3/2 - 3*v**2 + 9*v. Let l(i) be the first derivative of z(i). What are the prime factors of l(21)?
2, 3, 11
Let u = 807 + -466. Let z = 517 - u. Let h = -107 + z. List the prime factors of h.
3, 23
Let i(x) = -114*x**3 - 3*x**2 - 11*x + 98. List the prime factors of i(-6).
2, 5, 617
Let u be (0*(-3)/(-6))/(-5 + 6). What are the prime factors of u + 3 + 1221/3*2?
19, 43
Let x = -763 + 528. Let k = 423 + x. Let v = k - -8. What are the prime factors of v?
2, 7
Let j(x) = x**3 - 9*x**2 + 3*x - 5. Let y be j(7). Let f = -188 - y. Let o = 204 + f. List the prime factors of o.
2, 7
Let p be (-3 + 3)/(3 - 4). Suppose p = 21*n - 9555 - 252. List the prime factors of n.
467
What are the prime factors of (36651/(-133) - 19)*(-7 + 0/(-4))?
2, 1031
Suppose -3*p + 21*l = 16*l + 5, 5*l - 40 = -4*p. Let n(w) = 5*w - 5 + 6*w - 3 - w**2. What are the prime factors of n(p)?
2, 11
Let q be (12/(-9))/((-2)/63). Let d(v) = -3*v**2 - 19*v + 44. Let r be d(-8). Suppose -r*k = -k - q. List the prime factors of k.
2, 7
Let p = 51 - 42. Suppose 3*f - 3 + p = 0. What are the prime factors of 19 - (1*(-4 - f) + 3)?
2, 3
Suppose -73163 - 256941 = -21*z - 5255. List the prime factors of z.
31, 499
Let s(i) = i**3 - 6*i**2 + 14. Let r be s(6). Let d(u) = u**3 - 14*u**2 - 2*u + 9. Let a be d(r). Let m = 115 + a. What are the prime factors of m?
2, 3
Let w(v) = 661*v - 290. List the prime factors of w(7).
4337
Let l be (-3)/(4 - 1) + 1. Let i(v) = l - 6*v**2 - 4*v**2 - 16 + 11*v**2 - 3*v. What are the prime factors of i(7)?
2, 3
Suppose 10*c + 10 = 11*c. Let d = -3 + c. Suppose -2*h + d*h = 700. List the prime factors of h.
2, 5, 7
Let l(q) = 15*q**2 + 7*q + 1266. Let o(x) = 5*x**2 + 2*x + 422. Let y(n) = -2*l(n) + 7*o(n). Let z be y(0). Let r = -225 + z. List the prime factors of r.
197
Suppose -44*j - 85359 + 1079303 = 12*j. List the prime factors of j.
17749
Let y = 3485 - 2298. List the prime factors of y.
1187
Suppose 10*o - 11685 - 6115 = 0. Suppose -d + o = 9*d. List the prime factors of d.
2, 89
Let n(v) = v**3 - 28*v**2 - 28*v - 80. Let k be (-8 - 4/4)/(6/(-20)). What are the prime factors of n(k)?
2, 5, 11
Suppose 14155 = 26*d - 7*d. Let v = -261 + d. What are the prime factors of v?
2, 11
Let f = -63 + -1. Suppose -37*r + 4402 = -6*r. Let l = f + r. List the prime factors of l.
2, 3, 13
Let c(v) = v**3 - 12*v**2 + 10. Let h be c(12). Suppose -n + 2*r + 2*r + h = 0, -5*n + 29 = r. Suppose -i + 294 = n*i. What are the prime factors of i?
2, 3, 7
Suppose -62 = -7*q + 5*q + t, -q + 32 = -t. Suppose 5*s - 3*f - 169 = -q, -2 = -f. List the prime factors of s.
29
Let y = -1848 + 9753. Suppose 15*v + 1890 = y. What are the prime factors of v?
401
Suppose -112*s - 2572350 = -145*s. What are the prime factors of s?
2, 5, 1559
Let k(b) = 46*b + 48. Let v be k(11). Suppose q + v = 6*q - f, -q + 2*f = -118. Suppose -i = -63 - q. What are the prime factors of i?
173
Let f be (66/55)/((-2)/(-5)). Suppose -4*q + 104 = l, -3*l - 8*q = -f*q - 277. Let i = l + -69. List the prime factors of i.
3, 5
Let n = -9734 + 26353. List the prime factors of n.
16619
Let d(u) be the third derivative of -u**5/60 - 7*u**4/24 + 13*u**3/6 - 8*u**2. Let s be d(-8). Suppose -s*k = 17 - 372. What are the prime factors of k?
71
Suppose 0 = 8*l - 22*l - 5348. Let c = l - -726. What are the prime factors of c?
2, 43
Let z(w) = w**3 - 8*w**2 - 8*w + 3. Let c = -1 - -11. List the prime factors of z(c).
3, 41
Let p = -5015 - -13096. What are the prime factors of p?
8081
Let z(b) = -2*b**3 + 3*b**2 - b + 2. Let s be z(2). Let i be -4*(s - (-28)/8). Suppose -5*f = -i*v + 189, 2*f = -0*f + 2. List the prime factors of v.
97
Let v(t) = 27*t**2 + 25*t. Let g be v(5). Suppose 60 = 4*w + 4*b - g, 866 = 4*w + b. List the prime factors of w.
7, 31
Let o = -172 - -89. Let d = o + 86. Suppose 0 = 5*l + h - 1321, -4*l - d*h + 1060 = h. What are the prime factors of l?
2, 3, 11
Suppose 2*a - 1389 = -3*l, 2329 = 45*l - 40*l + a. List the prime factors of l.
467
Suppose 3784 = -126*o - 7808. Suppose 4*w - 419 = -3*f, 2*f - 3*w - 157 = f. Let t = f + o. List the prime factors of t.
53
Let j(u) = -u**2 - 3*u. Let a be j(0). Let g = a + 737. List the prime factors of g.
11, 67
Suppose -16095 = -5*r - 36*c + 37*c, 4*r - 12905 = -5*c. What are the prime factors of r?
2, 5, 7, 23
Suppose -3*n - 8774 = -7*n - 5*o, -5*n + 2*o + 10984 = 0. Let g = n + -1543. List the prime factors of g.
653
Let a(k) = -k**2 + 10*k. Suppose 14*b = 8*b + 60. Let f be a(b). List the prime factors of (-3 + 2 + f)/((-5)/670).
2, 67
Let f(i) = -9*i + 51. Let b be f(-15). Let a be (-3 + 4)/(3/b). Suppose -228 = -0*n - 4*n - 2*p, -2*p = -n + a. What are the prime factors of n?
2, 29
Suppose 4*r - 2*m - 258 = 0, -m - 18 + 157 = 2*r. Suppose 4*l = 513 + r. What are the prime factors of l?
5, 29
Let o = 4366 + -3416. List the prime factors of o.
2, 5, 19
Let f = 9043 - 3279. Suppose 0 = -13*k + 2*k + f. List the prime factors of k.
2, 131
Let u(h) = -3*h**3 - 5*h**2 + h - 10. Let b = -152 + 146. Let l be u(b). Let t = l + -268. List the prime factors of t.
2, 23
Let k = 32 + -42. Let f(h) = -h - 24. Let z be f(k). Let y(m) = -2*m + 7. What are the prime factors of y(z)?
5, 7
Let z(k) = 5 + k + k**2 + 4 - 8 - 3*k**3. Let y = -13 + 11. List the prime factors of z(y).
3
Let u(i) = 2*i**2 - 7*i + 53. Suppose 1069*j = 1077*j. List the prime factors of u(j).
53
Suppose -4*z + 36684 = 5*v, -6548 = -2*v + 4*z + 8148. What are the prime factors of v?
2, 5, 367
Let q(y) = -5*y + 12. Let k(l) = -3*l + 6. Let o(d) = 5*k(d) - 2*q(d). Let v(g) = -g**3 - 9*g**2 + 3*g + 10. Let u be v(-9). What are the prime factors of o(u)?
7, 13
Let u = 479 - 476. Let m(b) = 100*b**2 - 2*b + 15. What are the prime factors of m(u)?
3, 101
Let x(j) = 20661*j + 37. List the prime factors of x(1).
2, 79, 131
Let n(c) = -51*c - 185*c + 9 - 41*c. List the prime factors of n(-1).
2, 11, 13
Let n be (6 - 4)*(-2)/(-4). Let w(f) = -212*f**2 - 6*f - 7. Let y(j) = 71*j**2 + 2*j + 2. Let a(q) = 2*w(q) + 7*y(q). What are the prime factors of a(n)?
3, 5
Let f be (2 - 0)*-1 + -30. Let z(o) = -11*o**3 - 5*o**2 - 7*o - 4. Let d be z(-2). Let n = d - f. What are the prime factors of n?
2, 5, 11
Suppose 19*n - 1916 = 6482. List the prime factors of n.
2, 13, 17
Let x = 183 + -183. Suppose 12 = -4*f, x = 3*h - 5*f + 931 - 3217. List the pri